 b be (-916)/(-28) - (-2)/7. What is the highest common factor of 66 and b?
33
Let m be 2/(-4) + 6/4. Let c be (-4)/(-6)*15/m. Calculate the highest common divisor of 80 and c.
10
Suppose 1 - 9 = 4*r. Let n be 15 - (-2 + 3 + r). Calculate the highest common divisor of 2 and n.
2
Let f = 45 - 29. What is the highest common factor of f and 144?
16
Let w be 36/10*25/(-5). Let x be ((-6)/w)/((-1)/(-15)). What is the highest common factor of 5 and x?
5
Suppose 0 = -l + 2*l + 2. Let b(w) = w**3 + 7*w**2 + w - 5. Let o be b(-7). Let c be (-625)/(-30) + l/o. Calculate the greatest common factor of c and 147.
21
Let c(k) = k**2 - 2*k + 7. Let l be c(-6). Let g = 292 + -287. Calculate the highest common divisor of l and g.
5
Let y(b) = b**2 + b + 7. Let x be y(-5). Calculate the highest common divisor of 27 and x.
27
Let h be (-735)/(-14) + (-6)/(-4). Let q be 1/2 - 70/(-4). Suppose 0 = 3*f - 6*f + q. What is the greatest common factor of f and h?
6
Let a(h) = -6*h - 2. Let d be a(-4). Let s = 32 - d. What is the greatest common divisor of 90 and s?
10
Suppose -2*c = -c - 44. What is the greatest common factor of c and 110?
22
Let p = 17 + -10. Suppose p = 5*z - f - 7, 3*z - 2*f = 7. What is the greatest common factor of 3 and z?
3
Let r = 458 - 234. Calculate the highest common divisor of 28 and r.
28
Let s(u) = 1 - 10*u + 2*u - 9. Let a be s(-10). Calculate the greatest common divisor of a and 9.
9
Let l be 17/4 - 4/16. Let x be (l/(-3))/(2/9). Let v = 51 + x. Calculate the highest common divisor of v and 5.
5
Let d = 315 - 290. Suppose 4*r - 696 = 4*m, -5*r - 4*m + 281 = -598. What is the greatest common divisor of d and r?
25
Suppose 2*f - 7*f = -80. Calculate the greatest common divisor of f and 40.
8
Suppose -28*x + 32 = -20*x. Calculate the greatest common divisor of 64 and x.
4
Suppose -3*g = 3*h + h + 7, -4*h = 5*g + 9. Let i be 1 - (g - (-9)/(-3)). Calculate the highest common factor of i and 25.
5
Suppose -4*d - q + 39 = 4, -d = -2*q - 2. Calculate the highest common factor of d and 24.
8
Let j = 22 + -10. Suppose a + 5*o - j = 0, o + 12 = a - 0*a. What is the greatest common divisor of 48 and a?
12
Let q = 4 + -11. Let l = 19 + q. What is the greatest common factor of l and 30?
6
Let w(m) = -m**3 - 10*m**2 - 8*m + 13. Let f be w(-9). Let j = f - -11. What is the greatest common divisor of j and 105?
15
Let g(n) = 2 - n - n - 11*n**3 - n**2 - 4 + 10*n**3. Let b be g(-2). What is the greatest common factor of 24 and b?
6
Let a = -6 - -1. Let v = 12 + a. Calculate the highest common divisor of 14 and v.
7
Suppose -2*s - 92 = -6*s. Suppose s = 2*k + 7. Suppose d = -1 + 17. Calculate the highest common factor of d and k.
8
Let l = 25 + -14. Let b(n) = n**2 + 1 + 7*n - 4 - 4. Let w be b(-9). What is the highest common factor of l and w?
11
Let p(l) = -30*l. Suppose 5*a + 17 = u + 1, -3*a - 5*u = 4. Let j be p(a). What is the highest common factor of j and 36?
18
Suppose 0 = -2*a - 2*a + 20. Suppose 2*x + 6 = 0, 2*v = -0*x - 5*x - a. Let j = -3 + v. What is the greatest common factor of j and 10?
2
Let y be -2 - (-9)/3*1. Let k be -1 + (-24)/(-1 - y). Calculate the highest common factor of k and 99.
11
Suppose -2*h + 62 = 14. What is the greatest common divisor of 12 and h?
12
Let q = 26 - 10. Calculate the greatest common factor of 112 and q.
16
Suppose 2*t + 8 + 6 = 0. Let m = t - -33. What is the highest common factor of m and 65?
13
Suppose 138 = 5*a - 2. Let f(r) = -r**3 - 7*r**2 - 7*r + 1. Let p(l) = 6*l. Let q be p(-1). Let c be f(q). Calculate the greatest common divisor of c and a.
7
Let l(y) = -y + 15. Let p be l(-10). Calculate the highest common divisor of 10 and p.
5
Suppose -5*x - 55 = 5*w, w = -5*x + 2*x - 27. Let h be (-2)/(2/x*2). Suppose 0 = 5*s + h*z - 47, -3*z - 4 = 2. What is the highest common divisor of 33 and s?
11
Let n(y) = 9*y - 5 - 6 - 6*y. Let q be n(9). What is the greatest common divisor of q and 144?
16
Suppose 41 = 4*n + 3*v, 13 = -3*v - 2. Suppose 0 = 4*b - f - 28, 3*f - 5*f = -b + n. Calculate the highest common factor of 18 and b.
6
Suppose 0 = -t + 8 + 20. What is the greatest common factor of 42 and t?
14
Let l(u) = 3*u + 4. Let y be l(2). Calculate the highest common factor of 4 and y.
2
Let z(t) = -2*t**3 - 6*t**2 + t - 12. Let o be z(-4). What is the greatest common divisor of 16 and o?
16
Let d = 9 - -1. Let c(f) = -f**3 - 4*f**2 + 3. Let m be c(-3). Let b be (1*m + 1)*-6. What is the highest common factor of d and b?
10
Let i be (-3)/(-2 + (-37)/(-20)). Suppose -12*z + 10*z + 10 = 0. Calculate the greatest common factor of i and z.
5
Let j = 122 + -50. Let l be -38*8 + -2 + 3. Let r be l/(-33) + 6/(-33). What is the greatest common factor of j and r?
9
Suppose 5*u - 2*h = 13, -4*u - 5*h = -3*h - 14. What is the greatest common divisor of 33 and u?
3
Let p be (4/(-34) - 200/(-255))*120. What is the highest common divisor of p and 16?
16
Let a be (1 - -2) + 4/(-2). Let j be a/3*36/3. What is the greatest common factor of j and 44?
4
Let y be 6/(1 - 6/7). Suppose 5*l = 4*l + y. Let k(h) = -h**3 + 7*h**2 + 8*h + 6. Let f be k(8). What is the highest common factor of l and f?
6
Let w = -9 - -11. Let a = -39 - -71. Suppose 3*z + a = 5*z. Calculate the highest common factor of z and w.
2
Suppose 0 = f - 2*c - c - 11, -3*c = -5*f + 19. Let b be 1 - -1 - 24/2. Let k = b - -16. Calculate the highest common factor of f and k.
2
Let b be (-9 + -2)*(-3)/1. Let z = -22 + b. Calculate the greatest common divisor of 44 and z.
11
Let j(k) = -1 + 2 - 7*k + 3 - k**2. Let z be j(-7). Suppose 0 = -z*d + 110 + 226. What is the greatest common factor of d and 21?
21
Suppose -z + 30 = -0*z - l, -2*z + 63 = -3*l. Let p be 4 + (-4 - (1 - 4)). What is the highest common factor of z and p?
3
Suppose x + 21 = 4*j, 2*j - 1 + 4 = 5*x. Calculate the highest common divisor of j and 66.
6
Let c(q) = -q**2 + q + 57. Let r be c(-7). What is the highest common divisor of r and 13?
1
Let z = 8 + -5. Suppose c = -z*c. Suppose -4*q + q + 18 = c. Calculate the highest common divisor of 18 and q.
6
Suppose 0 = t + 244 + 63. Let s = -211 - t. Let q(g) = 3*g + 3. Let p be q(3). Calculate the greatest common divisor of s and p.
12
Let o = 65 + -11. Let c = 15 - 9. Calculate the greatest common divisor of c and o.
6
Let n(u) = u + 3. Let p be n(-3). Suppose 0 = -p*c + c - 4. Let g be 138/115*40/3. What is the highest common divisor of c and g?
4
Suppose 0 = 5*s + k - 495, -5*s + 5*k + 515 = 2*k. Let p = -45 + s. Calculate the highest common divisor of p and 11.
11
Let h(l) = -35*l - 4. Let a be h(-2). Suppose 0*s = 5*s - 5*w - 65, s + 3*w = 5. What is the greatest common factor of a and s?
11
Let w be -2 + 2 - 6*-44. Calculate the highest common factor of w and 33.
33
Let j = 0 + 1. Suppose 0*f + f = j. Suppose f = k - 4. What is the highest common factor of k and 1?
1
Let s be ((-16)/4 + 30)/2. Calculate the greatest common factor of 26 and s.
13
Suppose -2*z = 55 - 253. Suppose -3*q + 171 = -z. Calculate the highest common divisor of q and 10.
10
Let y(x) = -x**3 + 14*x**2 + 6. Let l(v) = -v**3 + v**2 - v. Let k(p) = 2*l(p) - y(p). Let m be k(-12). Calculate the highest common divisor of 54 and m.
18
Let k(l) = 2*l + 3*l**2 - l + 0*l + 3*l**2. Let t be k(1). Calculate the greatest common divisor of t and 77.
7
Suppose 46 - 1166 = -7*m. Calculate the highest common factor of 16 and m.
16
Let q(h) = 7*h - 5. Let f(l) = -l - 1. Let z(s) = -5*f(s) - q(s). Let a be z(-9). Calculate the greatest common factor of a and 140.
28
Suppose t = 8*t - 1344. Calculate the highest common divisor of 12 and t.
12
Let t = 38 + -27. Calculate the highest common factor of t and 66.
11
Suppose 13*f - 42 = 7*f. Let r be ((-14)/6)/((-1)/3). Calculate the highest common divisor of f and r.
7
Let n(j) be the first derivative of j**3/3 + j**2 + 8. Let p be n(3). Calculate the highest common factor of 135 and p.
15
Suppose -7 + 1 = -2*o. Suppose -2*l = -1 - o. Suppose 5*r + l = 42. What is the highest common factor of r and 4?
4
Let t(k) = -k**2 + 5*k + 8. Let g be t(5). Calculate the highest common factor of 24 and g.
8
Let b = -120 + 146. What is the highest common divisor of 39 and b?
13
Let q(l) = l**3 - 6*l**2 - 6*l - 3. Let f be q(7). Suppose -f*w - 25 = -9*w. Let n